ndreds digit of ((-152)/56 - -3) + -2 + 83632/14?
9
Suppose 5*i + 47*u = 45*u + 5644, -i + 3*u + 1122 = 0. What is the hundreds digit of i?
1
Let o(b) = 12186*b**2 - 169*b + 167. What is the hundreds digit of o(1)?
1
Let s(w) = 66*w**2 + 11*w + 19. Let g(x) = 3*x - 56. Let u be g(18). What is the hundreds digit of s(u)?
2
What is the units digit of 919900/80 - (4 - -2)/(-24)?
9
Let t = 32533 + -18844. What is the hundreds digit of t?
6
Let k = 350 - 348. Suppose -3*w = -k*t + t - 566, 0 = 4*w - t - 755. What is the units digit of w?
9
Let f(c) = c - 2. Let o be f(12). What is the units digit of (16/o)/((-24)/(-5280))?
2
Let m be (1/(-6))/((-62)/1860). Suppose -2*o - 5*w = -783, 5*o - 4*w = 2953 - 946. Suppose 955 = 5*y - 3*l - l, o = 2*y - m*l. What is the tens digit of y?
8
Let y be (-6)/(-7)*532/114. Suppose 3*l + 136 = b, -y*b + 665 = l + 134. What is the hundreds digit of b?
1
Suppose 2*s = p + 1036, 0*p + 2*s + 1024 = -p. Let w = 1458 + p. What is the hundreds digit of w?
4
Suppose -7 = -4*t + 1. Suppose j = -3 + t. What is the units digit of (1*j)/((-8)/128)?
6
Let i = -104764 + 156189. What is the tens digit of i?
2
Let o(y) be the third derivative of y**5/60 + y**3/2 + y**2 - 1509*y. Suppose 4*z - z = -18. What is the units digit of o(z)?
9
Let b = -322 - -323. What is the units digit of (-268 - 6)/(b/(-2)) + 6?
4
Let l be 4/(-8)*-1*4. Let m(t) = -t**3 - 31*t**2 - 58*t. Let v be m(-29). What is the units digit of (94/l)/(1 + v)?
7
Let n(w) = -2*w**3 - 5*w**2 - 2*w - 10. Let k be (5 - ((-28)/(-12) - -3))*18. What is the tens digit of n(k)?
5
Suppose 10 = 2*i - 7*d + 5*d, 3*d = -4*i + 55. Let t be 89 + -1*(0 - -3). Suppose i*g + t = 12*g. What is the tens digit of g?
4
Suppose -3*c + 4*i = 2*c, -3*c + 5*i = 0. Let s(a) = 5 + 12*a**2 - a**3 - 10*a + 6 + c*a**3. What is the tens digit of s(11)?
2
What is the tens digit of 17730 + ((-253)/(-92) - 3)*(-4 - 0)?
3
Suppose 22*i - 17*i - 180 = 0. Suppose -y + i + 123 = 0. What is the tens digit of y?
5
Let s = -389 - -413. Suppose s*m - 22*m - 162 = 0. What is the units digit of m?
1
Let d be 2*(-2)/6 + 182/21. Let a be 1 - (-5)/(3 - d). Suppose 32*q - 30*q - 162 = a. What is the tens digit of q?
8
Suppose 0 = -2*s - 190 + 780. Suppose 0 = 2*d - 3*d - 4*i + s, 0 = 2*d + 3*i - 575. What is the tens digit of d?
8
Suppose 67*p + 85*p = -7*p + 2501229. What is the units digit of p?
1
Let o(y) = 111*y**2 - 343*y - 92. What is the ten thousands digit of o(-9)?
1
Suppose 13*a + 11178 = 175316. What is the tens digit of a?
2
Let o be (0 - (-6 - -2)) + (0 - 7). Let x be (12/5)/o*130/(-4). Suppose -209 = -3*i - 4*k, 4*k = 2*i - x - 120. What is the units digit of i?
1
Let p = 28 + -18. Suppose 5*o + p = -h, -2 = -5*h - 3*o + 14. Let d(b) = 23*b - 8. What is the hundreds digit of d(h)?
1
Let p(m) be the second derivative of 0 + 1/2*m**3 + 28*m**2 + m. What is the tens digit of p(6)?
7
Let o be -3 - (6/3 + -13). Suppose o - 3 = 5*r. What is the units digit of 12 + -1 - (r - 4)?
4
Let v(y) = -3*y**3 + 2*y**2 + 23*y + 5. Let h be (-464)/96 + ((-2)/(-12))/(-1). What is the hundreds digit of v(h)?
3
Suppose 12*x - 13*x = m - 7873, 5*x + m = 39353. What is the tens digit of x?
7
Let k = 18 - 1. Suppose k*v + 11 = 11. Let u(b) = -b**3 + 108. What is the units digit of u(v)?
8
Let v be (-24)/18 - (-5044)/12. Let p = v - 203. What is the units digit of p?
6
Let t = 95 - 159. Let j be t - 0 - (16 - 17). What is the tens digit of 1*((-2 - j) + -2)?
5
Suppose -20 = 33*u - 37*u. Suppose u*d + 4*w - 8*w = 1041, -2*d - 2*w = -420. What is the tens digit of d?
0
Let i(b) = -2*b. Let l be i(-3). What is the thousands digit of (0 + 13970)/10 + l?
1
What is the tens digit of (-1)/14 + 803165/770?
4
Let f(t) = 39*t - 14. Let n(r) = 198*r - 69. Let y(a) = 21*f(a) - 4*n(a). What is the tens digit of y(18)?
6
Let p(v) be the first derivative of 3*v**4/4 - 8*v**3 - 7*v**2/2 + 3*v - 5023. Suppose 0 = -2*x + 18. What is the hundreds digit of p(x)?
1
Suppose -557 = -b + 1246. Suppose -2*h + 712 = -d - 2*d, -5*h - 4*d + b = 0. What is the units digit of h?
9
Let y(o) = 3*o - 15. Let w be y(6). Suppose -2*a + w*a = 0. Suppose a = -0*i + 3*i - 153. What is the tens digit of i?
5
Suppose -44*t + 168564 = -11*t. Let f = t - 3516. What is the thousands digit of f?
1
Suppose -6*j + 6*m = -j - 26080, 5225 = j - 3*m. What is the hundreds digit of j?
2
Let x(z) = 7*z**3 + z**2 + z - 2. Let t = -73 - -74. Let o be x(t). What is the hundreds digit of ((-211)/(-11) - 4/22)*o?
1
Let r = 42178 - 36686. What is the units digit of r?
2
Suppose 27*j - 850245 + 236103 = 0. What is the tens digit of j?
4
Suppose -4*f - 460 = f. Let v = f + 225. Suppose -117 = -5*b + v. What is the tens digit of b?
5
What is the units digit of 16/4 + 20946/(-18)*-6?
6
Suppose 0*r - 8*r = 0. Suppose 2*y + 11 - 1 = r. What is the tens digit of (-2 - -1)*y*2?
1
Suppose -4*u - 1 = -9. Let y be (-20)/(-30)*9/u. Suppose 0 = -y*h + 4*h + t - 70, 0 = 4*t - 16. What is the tens digit of h?
6
Let a = 3374 + -1925. Let i = a + -1015. Suppose 0 = -4*c - 2*l + i, -l = -c - 4*c + 553. What is the units digit of c?
0
Suppose 6*v - 634 = 14. Suppose 0 = 4*j - 5*f - 1454 - v, 3*j + 3*f - 1158 = 0. What is the tens digit of j?
8
Let r = 747 - 745. What is the hundreds digit of (r - 5)*(5 + (-3300)/9)?
0
Let l(a) = -19*a - 21. Let f(n) = -40*n - 41. Let x(m) = -3*f(m) + 5*l(m). What is the units digit of x(1)?
3
Suppose 2*c + 4*q = -56, -19*c + 7 = -18*c - 5*q. Let m(w) = -38*w + 102. What is the units digit of m(c)?
6
What is the units digit of ((-37)/(-777)*-133389)/((-2)/14)?
3
Let u(d) = 258*d**2 - 8*d - 7. Let c = 56 - 57. What is the units digit of u(c)?
9
Let s = 49128 - 8976. What is the tens digit of s?
5
What is the thousands digit of (-147)/98 + (-2)/(-4) + 6849?
6
Suppose -3*a - 28221 = -p, -4*p + 25*a = 23*a - 112844. What is the units digit of p?
9
Suppose -2*h - 2*a + 6*a = 278, h + a + 139 = 0. Let v = 45 - h. Let p = v - 25. What is the hundreds digit of p?
1
Let f = 10 + -10. Suppose f = s + 3*u - 19, 3*s = 4*u - 0 + 5. Suppose -4*z + 696 = 4*o, 672 = -s*o + 11*o - 2*z. What is the hundreds digit of o?
1
Suppose -3*h + 10 = 2*h. Let s(f) = h*f**2 + 14*f**2 + 8*f + 14 + 16. What is the tens digit of s(-4)?
5
Suppose -c - 1177 = -4*w, -4*c = 13*w - 15*w + 578. Let o = w - -245. What is the units digit of o?
0
Suppose 6*y + 12 = 0, -26598 - 2582 = -2*x - 4*y. What is the thousands digit of x?
4
Let s be 9172/8*-1*(-1 - 1). Suppose 17*i - 4201 - s = 0. What is the units digit of i?
2
Let v(n) = -n**3 - 65*n**2 - 10*n + 336. What is the tens digit of v(-67)?
8
What is the units digit of 230404/8 - 493/(-58)?
9
Let k(t) = 8*t - 58. Let p be k(7). What is the tens digit of (42/18*p)/(2/(-105))?
4
What is the hundreds digit of (-1260168)/(126/(-6))*3/12?
0
Let p(k) = -3*k**3 - 84*k**2 + 12*k + 480. What is the tens digit of p(-38)?
4
Let y(u) = 1265*u**2 + 9*u + 20. What is the thousands digit of y(2)?
5
Let q = -8 + 43. Suppose -315 = q*r - 30*r. What is the units digit of r*(4 - (2 + 3))?
3
Suppose 103 = 2*d - 3*o, -3*d - 922*o + 925*o = -153. Suppose -2*n = -0*n + 80. Let f = n + d. What is the tens digit of f?
1
Suppose -2*c = 4*w - 18, -3*w - 4*c = -3*c - 12. Let o be (10/(-20))/(w/90). Let t = o - -22. What is the units digit of t?
7
Let q(k) = -6*k**2 - 411*k - 65. What is the thousands digit of q(-14)?
4
Let o = -2 - -12. Suppose -234 = -13*y + o*y. Suppose y + 49 = 4*j - 5*t, 0 = 3*t - 15. What is the units digit of j?
8
Let v be 1628/(-259) + 2/7. What is the hundreds digit of (4 + 1341/v)*-2?
4
Suppose 2320 = -5*c + 5*n, 4*c + 2*n + 0*n + 1862 = 0. Let j = 1129 - c. What is the tens digit of j?
9
Suppose 4*n - 9092 = 2*t, -253*n + 255*n = 5*t + 4538. What is the hundreds digit of n?
2
Suppose 25 = -14*s - 3. What is the hundreds digit of (2863/14 - -4) + s/(-4)?
2
Suppose 5*i + 27 = 87. Suppose p = -2*z - 4, 5*z - 2 = -p - 6. What is the tens digit of p/(2 - 0) + i*8?
9
Suppose -407*n + 420*n = 181194. What is the tens digit of n?
3
Let x(f) = 7*f + 50. Let c be x(6). Let a be 51 + (0/1)/1. Let g = c - a. What is the units digit of g?
1
Let g = -1061 + 1287. Let r = g + 1276. What is the thousands digit of r?
1
Suppose 0 = -5*u + 4*f + 45, -4*u - 2*f + 7*f + 45 =